{"id":92,"date":"2023-02-21T15:33:04","date_gmt":"2023-02-21T15:33:04","guid":{"rendered":"https:\/\/cr-consulting.gmbh\/?page_id=92"},"modified":"2023-02-21T15:33:04","modified_gmt":"2023-02-21T15:33:04","slug":"impressum","status":"publish","type":"page","link":"https:\/\/cr-consulting.gmbh\/?page_id=92","title":{"rendered":"Impressum"},"content":{"rendered":"\n<p><strong>Verantwortlich f\u00fcr den Inhalt nach \u00a7 55 Abs. 2 RStV<\/strong><\/p>\n\n\n\n<p>Christian Rauscher<br>Alter Weinberg 4<\/p>\n\n\n\n<p>D-97297 Waldb\u00fcttelbrunn \u2013 Germany<\/p>\n\n\n\n<p>Telefon: +49 931 30 40 391<br>E-Mail:&nbsp;info@cr-consulting.gmbh<\/p>\n\n\n\n<p><strong>Urheberrecht<\/strong><br>Texte, Bilder, Grafiken oder Videos unterliegen dem Schutz des Urheberrechts bzw. Dritter und anderer Schutzgesetze. Die Inhalte dieser Website d\u00fcrfen nicht zu kommerziellen Zwecken kopiert, verbreitet, ver\u00e4ndert oder Dritten zug\u00e4nglich gemacht werden. Die unerlaubte Verwendung, Reproduktion oder Weitergabe einzelner Inhalte oder kompletter Seiten werden rechtlich verfolgt. Jede Nutzung der Inhalte, ob Vervielf\u00e4ltigung, Bearbeitung, Verbreitung und jede weitere Art der Verwertung, insbesondere kommerzieller Natur, bedarf meiner schriftlichen Zustimmung.&nbsp;Sollten meine Zitate von Inhalten Dritter, nicht im Sinne des Urhebers sein, schicken Sie mir bitte eine Nachricht. Ich l\u00f6sche diese Inhalte dann umgehend.<\/p>\n\n\n\n<p><strong>Gewerbliche Schutzrechte<\/strong><br>Alle innerhalb dieser Website genannten und m\u00f6glicherweise durch Dritte gesch\u00fctzten Marken- und Warenzeichen unterliegen uneingeschr\u00e4nkt den Bestimmungen des jeweils g\u00fcltigen Kennzeichenrechts und den Besitzrechten der jeweiligen eingetragenen Eigent\u00fcmer. Allein aufgrund der blo\u00dfen Nennung ist nicht der Schluss zu ziehen, dass Markenzeichen nicht durch Rechte Dritter gesch\u00fctzt sind.<\/p>\n\n\n\n<p><strong>Nutzung meiner Kontaktdaten<\/strong><br>Der Nutzung meiner im Rahmen der im Rahmen der Impressumspflicht ver\u00f6ffentlichten Kontaktdaten ist ausdr\u00fccklich untersagt. Insbesondere verbitte ich mir die Zusendung von nicht ausdr\u00fccklich angeforderter Werbung, PR-Informationen und Spam-Mails oder Anrufe. Bei Zuwiderhandlung behalte ich mir rechtliche Schritt vor.<\/p>\n\n\n\n<p><strong>Haftung f\u00fcr Inhalte<\/strong><br>Ich \u00fcbernehme mit Ausnahme der Angaben des Impressums keine Gew\u00e4hr f\u00fcr die Richtigkeit, Vollst\u00e4ndigkeit und Aktualit\u00e4t der auf dieser Website angebotenen Informationen. In keinem Fall wird f\u00fcr Sch\u00e4den, die sich aus der Nutzung oder Nichtnutzung dieser Website ergeben, eine Haftung \u00fcbernommen, sofern kein vors\u00e4tzliches Handeln vorliegt. F\u00fcr alle auf dieser Website angebotenen externen Links, die auf fremde Websites zeigen, auf denen Inhalte angeboten werden, die von Dritten zu verantworten sind, wird keine wie auch immer geartete Haftung bez\u00fcglich der Inhalte \u00fcbernommen. Ich erkl\u00e4re hiermit, keinerlei Einfluss auf die aktuelle und zuk\u00fcnftige Gestaltung, die Inhalte oder die Urheberschaft der verlinkten Seiten zu haben.<br>Als Diensteanbieter gem\u00e4\u00df \u00a7 7 Abs.1 TMG bin ich im Fall rechtswidriger Eintr\u00e4ge m\u00f6glicherweise verpflichtet, \u00fcbermittelte oder gespeicherte fremde Informationen zu entfernen. Nach \u00a7\u00a7 8 bis 10 TMG bin ich als Diensteanbieter jedoch nicht verpflichtet, \u00fcbermittelte oder gespeicherte fremde Informationen zu \u00fcberwachen oder nach Umst\u00e4nden zu forschen, die auf eine rechtswidrige T\u00e4tigkeit hinweisen. Bei Bekanntwerden entsprechender Rechtsverletzungen werde ich diese Inhalte umgehend l\u00f6schen. Entsprechend behalte ich mir vor, eingehende Kommentare erst nach inhaltlicher Pr\u00fcfung zu ver\u00f6ffentlichen.<\/p>\n","protected":false},"excerpt":{"rendered":"<p>Verantwortlich f\u00fcr den Inhalt nach \u00a7 55 Abs. 2 RStV Christian RauscherAlter Weinberg 4 D-97297 Waldb\u00fcttelbrunn \u2013 Germany Telefon: +49 931 30 40 391E-Mail:&nbsp;info@cr-consulting.gmbh UrheberrechtTexte, Bilder, Grafiken oder Videos unterliegen dem Schutz des Urheberrechts bzw. Dritter und anderer Schutzgesetze. Die Inhalte dieser Website d\u00fcrfen nicht zu kommerziellen Zwecken kopiert, verbreitet, ver\u00e4ndert oder Dritten zug\u00e4nglich gemacht [&hellip;]<\/p>\n","protected":false},"author":1,"featured_media":0,"parent":0,"menu_order":0,"comment_status":"closed","ping_status":"closed","template":"","meta":{"footnotes":""},"class_list":["post-92","page","type-page","status-publish","hentry"],"_links":{"self":[{"href":"https:\/\/cr-consulting.gmbh\/index.php?rest_route=\/wp\/v2\/pages\/92","targetHints":{"allow":["GET"]}}],"collection":[{"href":"https:\/\/cr-consulting.gmbh\/index.php?rest_route=\/wp\/v2\/pages"}],"about":[{"href":"https:\/\/cr-consulting.gmbh\/index.php?rest_route=\/wp\/v2\/types\/page"}],"author":[{"embeddable":true,"href":"https:\/\/cr-consulting.gmbh\/index.php?rest_route=\/wp\/v2\/users\/1"}],"replies":[{"embeddable":true,"href":"https:\/\/cr-consulting.gmbh\/index.php?rest_route=%2Fwp%2Fv2%2Fcomments&post=92"}],"version-history":[{"count":2,"href":"https:\/\/cr-consulting.gmbh\/index.php?rest_route=\/wp\/v2\/pages\/92\/revisions"}],"predecessor-version":[{"id":133,"href":"https:\/\/cr-consulting.gmbh\/index.php?rest_route=\/wp\/v2\/pages\/92\/revisions\/133"}],"wp:attachment":[{"href":"https:\/\/cr-consulting.gmbh\/index.php?rest_route=%2Fwp%2Fv2%2Fmedia&parent=92"}],"curies":[{"name":"wp","href":"https:\/\/api.w.org\/{rel}","templated":true}]}}